{"id":118,"date":"2016-06-05T21:04:12","date_gmt":"2016-06-05T21:04:12","guid":{"rendered":"http:\/\/ideyarte.com\/site\/?page_id=118"},"modified":"2023-04-13T14:26:54","modified_gmt":"2023-04-13T14:26:54","slug":"contactos","status":"publish","type":"page","link":"https:\/\/ideyarte.com\/site\/contactos\/","title":{"rendered":"Contactos"},"content":{"rendered":"\n<p class=\"has-text-align-center has-pale-pink-color has-text-color has-huge-font-size\">Contactos<\/p>\n\n\n<p><br \/>Estamos no centro de Vila Nova de Famalic\u00e3o, venha visitar-nos.<\/p>\n<p><strong>Hor\u00e1rio de Atendimento<\/strong><br \/>Semana<br \/>9:30 \u00e0s 13:00 e das 14:30 \u00e0s 19:00<br \/>S\u00e1bado<br \/>9:30 \u00e0s 13:00 e das 14:30 \u00e0s 18:00<\/p>\n<p><strong>Tel. 252 080 251<\/strong><br \/>Av. Marechal Humberto Delgado, n\u00ba 357<br \/>4760-012 Vila Nova de Famalic\u00e3o<br \/><a href=\"http:\/\/maps.google.pt\/maps?f=q&amp;source=s_q&amp;hl=pt-PT&amp;geocode=&amp;q=Av.+Marechal+Humberto+Delgado,+n%C2%BA+357&amp;aq=&amp;sll=39.639538,-7.849731&amp;sspn=9.911531,19.753418&amp;ie=UTF8&amp;hq=&amp;hnear=Av.+Mal.+Humberto+Delgado+357,+Antas,+4760+Vila+Nova+de+Famalic%C3%A3o,+Braga&amp;t=h&amp;ll=41.406951,-8.516601&amp;spn=0.001179,0.002411&amp;z=19\" target=\"_blank\" rel=\"noopener\">Google Maps<\/a><\/p>\n<p><a href=\"mailto:ideyarte@hotmail.com\">ideyarte@hotmail.com<\/a><\/p>","protected":false},"excerpt":{"rendered":"<p>Contactos Estamos no centro de Vila Nova de Famalic\u00e3o, venha visitar-nos. Hor\u00e1rio de AtendimentoSemana9:30 \u00e0s 13:00 e das 14:30 \u00e0s 19:00S\u00e1bado9:30 \u00e0s 13:00 e das 14:30 \u00e0s 18:00 Tel. 252 080 251Av. Marechal Humberto Delgado, n\u00ba 3574760-012 Vila Nova de Famalic\u00e3oGoogle Maps ideyarte@hotmail.com<\/p>\n","protected":false},"author":1,"featured_media":0,"parent":0,"menu_order":0,"comment_status":"closed","ping_status":"closed","template":"temp_aideyarte_b.php","meta":[],"_links":{"self":[{"href":"https:\/\/ideyarte.com\/site\/wp-json\/wp\/v2\/pages\/118"}],"collection":[{"href":"https:\/\/ideyarte.com\/site\/wp-json\/wp\/v2\/pages"}],"about":[{"href":"https:\/\/ideyarte.com\/site\/wp-json\/wp\/v2\/types\/page"}],"author":[{"embeddable":true,"href":"https:\/\/ideyarte.com\/site\/wp-json\/wp\/v2\/users\/1"}],"replies":[{"embeddable":true,"href":"https:\/\/ideyarte.com\/site\/wp-json\/wp\/v2\/comments?post=118"}],"version-history":[{"count":14,"href":"https:\/\/ideyarte.com\/site\/wp-json\/wp\/v2\/pages\/118\/revisions"}],"predecessor-version":[{"id":411,"href":"https:\/\/ideyarte.com\/site\/wp-json\/wp\/v2\/pages\/118\/revisions\/411"}],"wp:attachment":[{"href":"https:\/\/ideyarte.com\/site\/wp-json\/wp\/v2\/media?parent=118"}],"curies":[{"name":"wp","href":"https:\/\/api.w.org\/{rel}","templated":true}]}}